t the prime factors of 265447.
7, 13, 2917
List the prime factors of 188509.
131, 1439
What are the prime factors of 203145?
3, 5, 29, 467
List the prime factors of 5198631.
3, 353, 4909
What are the prime factors of 3243432?
2, 3, 149, 907
What are the prime factors of 30543724?
2, 23, 331997
What are the prime factors of 951949?
17, 55997
What are the prime factors of 252920?
2, 5, 6323
List the prime factors of 298861.
298861
What are the prime factors of 13404755?
5, 7, 13, 17, 1733
List the prime factors of 491338.
2, 47, 5227
What are the prime factors of 33415?
5, 41, 163
List the prime factors of 2229146.
2, 1114573
List the prime factors of 216169.
113, 1913
List the prime factors of 322938.
2, 3, 7, 11, 233
List the prime factors of 15160582.
2, 2689, 2819
What are the prime factors of 1536819?
3, 229, 2237
What are the prime factors of 10810179?
3, 37, 3607
What are the prime factors of 110558?
2, 7, 53, 149
What are the prime factors of 2628610?
2, 5, 83, 3167
List the prime factors of 541476.
2, 3, 13, 89
List the prime factors of 1789940.
2, 5, 31, 2887
List the prime factors of 963210.
2, 3, 5, 97, 331
List the prime factors of 232528.
2, 14533
List the prime factors of 861392.
2, 7, 7691
What are the prime factors of 7284873?
3, 2428291
List the prime factors of 1034384.
2, 13, 4973
List the prime factors of 9264280.
2, 5, 231607
What are the prime factors of 340609?
47, 7247
What are the prime factors of 606816?
2, 3, 7, 43
List the prime factors of 353369.
31, 11399
What are the prime factors of 399942?
2, 3, 17, 1307
List the prime factors of 287747.
287747
List the prime factors of 312835.
5, 19, 37, 89
What are the prime factors of 14223993?
3, 7, 677333
What are the prime factors of 310414?
2, 13, 11939
List the prime factors of 560561.
560561
What are the prime factors of 768907?
79, 9733
List the prime factors of 499435.
5, 59, 1693
List the prime factors of 1859304.
2, 3, 77471
What are the prime factors of 140323?
23, 6101
What are the prime factors of 7363420?
2, 5, 368171
What are the prime factors of 308553?
3, 7, 2099
List the prime factors of 610076.
2, 152519
List the prime factors of 567593.
13, 43661
What are the prime factors of 716831?
281, 2551
What are the prime factors of 26485869?
3, 659, 13397
What are the prime factors of 1342068?
2, 3, 7, 13, 1229
List the prime factors of 13171902.
2, 3, 19, 227, 509
What are the prime factors of 665432?
2, 223, 373
What are the prime factors of 3651669?
3, 7, 139
List the prime factors of 1488192.
2, 3, 23, 337
List the prime factors of 1865715.
3, 5, 29, 4289
List the prime factors of 13007434.
2, 11, 631, 937
List the prime factors of 98319.
3, 13, 2521
What are the prime factors of 9446902?
2, 4723451
What are the prime factors of 595443?
3, 41, 47, 103
What are the prime factors of 141484?
2, 7, 31, 163
List the prime factors of 11147543.
11, 53, 19121
List the prime factors of 1175263.
71, 16553
What are the prime factors of 501506?
2, 250753
What are the prime factors of 4297075?
5, 29, 5927
List the prime factors of 1707852.
2, 3, 31, 4591
What are the prime factors of 4858925?
5, 263, 739
List the prime factors of 214778.
2, 17, 6317
What are the prime factors of 180429?
3, 137, 439
What are the prime factors of 2824694?
2, 1412347
List the prime factors of 18400041.
3, 11, 107, 193
List the prime factors of 10960286.
2, 5480143
List the prime factors of 13594360.
2, 5, 13, 2011
List the prime factors of 2794509.
3, 310501
What are the prime factors of 476392?
2, 7, 47, 181
What are the prime factors of 6053884?
2, 43, 61, 577
What are the prime factors of 15521906?
2, 113, 173, 397
List the prime factors of 136144.
2, 67, 127
List the prime factors of 12731211.
3, 1151, 1229
List the prime factors of 498031.
101, 4931
What are the prime factors of 769506?
2, 3, 277, 463
List the prime factors of 429.
3, 11, 13
List the prime factors of 7645.
5, 11, 139
What are the prime factors of 68830?
2, 5, 6883
What are the prime factors of 2381347?
2381347
List the prime factors of 1848468.
2, 3, 31, 4969
What are the prime factors of 382151?
7, 11, 709
What are the prime factors of 20755691?
11, 17, 6529
List the prime factors of 549328.
2, 13, 19, 139
What are the prime factors of 464694?
2, 3, 41, 1889
List the prime factors of 21104799.
3, 67, 104999
List the prime factors of 19056594.
2, 3, 3176099
List the prime factors of 398669.
398669
List the prime factors of 3041816.
2, 79, 4813
What are the prime factors of 380895?
3, 5, 67, 379
What are the prime factors of 591317?
591317
List the prime factors of 26023302.
2, 3, 139, 3467
What are the prime factors of 32479?
32479
List the prime factors of 831246.
2, 3, 13, 10657
List the prime factors of 26661453.
3, 7, 13, 61, 1601
List the prime factors of 91445.
5, 18289
List the prime factors of 11134370.
2, 5, 13, 41, 2089
List the prime factors of 1287731.
1287731
List the prime factors of 8746727.
11, 72287
List the prime factors of 8761270.
2, 5, 7, 47, 2663
What are the prime factors of 2043154?
2, 1021577
What are the prime factors of 203824?
2, 12739
What are the prime factors of 1844497?
1844497
List the prime factors of 680708.
2, 7, 23, 151
List the prime factors of 11610406.
2, 19, 89, 3433
What are the prime factors of 1298790?
2, 3, 5, 14431
What are the prime factors of 1574565?
3, 5, 104971
List the prime factors of 930046.
2, 13, 35771
List the prime factors of 466242.
2, 3, 7, 17, 653
List the prime factors of 5336.
2, 23, 29
What are the prime factors of 4204461?
3, 1401487
List the prime factors of 219062.
2, 17, 379
What are the prime factors of 27902?
2, 7, 1993
What are the prime factors of 2269243?
197, 11519
What are the prime factors of 802306?
2, 467, 859
What are the prime factors of 2693838?
2, 3, 7, 31, 2069
List the prime factors of 391745.
5, 47, 1667
What are the prime factors of 4306309?
7, 615187
What are the prime factors of 1982136?
2, 3, 13, 6353
What are the prime factors of 1156999?
47, 103, 239
What are the prime factors of 521043?
3, 29, 53, 113
List the prime factors of 2575403.
29, 88807
What are the prime factors of 2463841?
2463841
List the prime factors of 491027.
23, 37, 577
List the prime factors of 1148533.
41, 109, 257
List the prime factors of 194710.
2, 5, 19471
List the prime factors of 15965675.
5, 11, 58057
List the prime factors of 3234372.
2, 3, 409, 659
What are the prime factors of 3842168?
2, 11, 43661
List the prime factors of 4907085.
3, 5, 41, 79, 101
List the prime factors of 929162.
2, 13, 2749
List the prime factors of 308850.
2, 3, 5, 29, 71
List the prime factors of 94572.
2, 3, 37, 71
What are the prime factors of 2697169?
17, 158657
What are the prime factors of 112738?
2, 56369
What are the prime factors of 14998487?
7, 2142641
List the prime factors of 24824423.
13, 109, 17519
What are the prime factors of 6566?
2, 7, 67
List the prime factors of 11880753.
3, 3960251
What are the prime factors of 6459525?
3, 5, 19, 1511
List the prime factors of 1614.
2, 3, 269
List the prime factors of 1002437.
643, 1559
List the prime factors of 2383756.
2, 595939
List the prime factors of 280475.
5, 13, 863
What are the prime factors of 596474?
2, 298237
List the prime factors of 16438463.
31, 61, 8693
What are the prime factors of 271411?
7, 29, 191
List the prime factors of 412970.
2, 5, 61, 677
What are the prime factors of 222538?
2, 111269
What are the prime factors of 14443969?
14443969
List the prime factors of 100894.
2, 61, 827
What are the prime factors of 271204?
2, 67801
What are the prime factors of 106114?
2, 17, 3121
List the prime factors of 21139843.
4003, 5281
What are the prime factors of 18812549?
7, 47, 211, 271
List the prime factors of 10134333.
3, 11, 102367
What are the prime factors of 315654?
2, 3, 52609
List the prime factors of 6550494.
2, 3, 1091749
What are the prime factors of 5188809?
3, 431, 4013
List the prime factors of 1115883.
3, 37, 1117
List the prime factors of 264044.
2, 11, 17, 353
What are the prime factors of 3157594?
2, 11, 143527
List the prime factors of 305468.
2, 76367
What are the prime factors of 3928015?
5, 7, 13, 89, 97
List the prime factors of 1662738.
2, 3, 7, 11, 59, 61
List the prime factors of 1